{"id":12829,"date":"2025-08-20T20:25:03","date_gmt":"2025-08-20T18:25:03","guid":{"rendered":"https:\/\/www.camping-les-saules.com\/stellplaetze\/"},"modified":"2026-02-23T16:30:38","modified_gmt":"2026-02-23T15:30:38","slug":"stellplaetze","status":"publish","type":"page","link":"https:\/\/www.camping-les-saules.com\/de\/stellplaetze\/","title":{"rendered":"Stellpl\u00e4tze Fouesnant"},"content":{"rendered":"\t\t<div data-elementor-type=\"wp-post\" data-elementor-id=\"12829\" class=\"elementor elementor-12829 elementor-14\" data-elementor-post-type=\"page\">\n\t\t\t\t<div class=\"elementor-element elementor-element-e0874a1 e-flex e-con-boxed e-con e-parent\" data-id=\"e0874a1\" data-element_type=\"container\" data-e-type=\"container\" data-settings=\"{&quot;background_background&quot;:&quot;classic&quot;}\">\n\t\t\t\t\t<div class=\"e-con-inner\">\n\t\t<div class=\"elementor-element elementor-element-9046a90 e-con-full e-flex e-con e-child\" data-id=\"9046a90\" data-element_type=\"container\" data-e-type=\"container\">\n\t\t\t\t<div class=\"elementor-element elementor-element-ee5f6d3 elementor-widget elementor-widget-heading\" data-id=\"ee5f6d3\" data-element_type=\"widget\" data-e-type=\"widget\" data-widget_type=\"heading.default\">\n\t\t\t\t\t<span class=\"elementor-heading-title elementor-size-default\">VOM 13. Mai bis 20. September 2026<\/span>\t\t\t\t<\/div>\n\t\t\t\t<div class=\"elementor-element elementor-element-02dfeef elementor-widget elementor-widget-heading\" data-id=\"02dfeef\" data-element_type=\"widget\" data-e-type=\"widget\" data-widget_type=\"heading.default\">\n\t\t\t\t\t<h1 class=\"elementor-heading-title elementor-size-default\">Campingpl\u00e4tze<\/h1>\t\t\t\t<\/div>\n\t\t<div class=\"elementor-element elementor-element-2c2b3f8 e-con-full e-flex e-con e-child\" data-id=\"2c2b3f8\" data-element_type=\"container\" data-e-type=\"container\">\n\t\t\t\t<div class=\"elementor-element elementor-element-3b4796b elementor-widget elementor-widget-button\" data-id=\"3b4796b\" data-element_type=\"widget\" data-e-type=\"widget\" data-widget_type=\"button.default\">\n\t\t\t\t\t\t\t\t\t\t<a class=\"elementor-button elementor-button-link elementor-size-sm\" href=\"#elementor-action%3Aaction%3Dpopup%3Aopen%26settings%3DeyJpZCI6MTkxNTIsInRvZ2dsZSI6ZmFsc2V9\">\n\t\t\t\t\t\t<span class=\"elementor-button-content-wrapper\">\n\t\t\t\t\t\t\t\t\t<span class=\"elementor-button-text\">Den Plan des Campingplatzes anzeigen<\/span>\n\t\t\t\t\t<\/span>\n\t\t\t\t\t<\/a>\n\t\t\t\t\t\t\t\t<\/div>\n\t\t\t\t<div class=\"elementor-element elementor-element-672ee08 elementor-align-left elementor-widget elementor-widget-button\" data-id=\"672ee08\" data-element_type=\"widget\" data-e-type=\"widget\" data-widget_type=\"button.default\">\n\t\t\t\t\t\t\t\t\t\t<a class=\"elementor-button elementor-button-link elementor-size-sm\" href=\"https:\/\/www.camping-les-saules.com\/de\/unterkuenfte\/\">\n\t\t\t\t\t\t<span class=\"elementor-button-content-wrapper\">\n\t\t\t\t\t\t\t\t\t<span class=\"elementor-button-text\">Sehen Sie alle unsere Unterk\u00fcnfte<\/span>\n\t\t\t\t\t<\/span>\n\t\t\t\t\t<\/a>\n\t\t\t\t\t\t\t\t<\/div>\n\t\t\t\t<\/div>\n\t\t\t\t<\/div>\n\t\t\t\t\t<\/div>\n\t\t\t\t<\/div>\n\t\t<div class=\"elementor-element elementor-element-43d7f33 e-flex e-con-boxed e-con e-parent\" data-id=\"43d7f33\" data-element_type=\"container\" data-e-type=\"container\">\n\t\t\t\t\t<div class=\"e-con-inner\">\n\t\t<div class=\"elementor-element elementor-element-3cb48d8 e-con-full e-flex e-con e-child\" data-id=\"3cb48d8\" data-element_type=\"container\" data-e-type=\"container\">\n\t\t\t\t<div class=\"elementor-element elementor-element-44d476b elementor-widget elementor-widget-html\" data-id=\"44d476b\" data-element_type=\"widget\" data-e-type=\"widget\" data-widget_type=\"html.default\">\n\t\t\t\t\t<thr-categories type=\"camping\"><\/thr-categories>\t\t\t\t<\/div>\n\t\t\t\t<div class=\"elementor-element elementor-element-27dba14 elementor-widget elementor-widget-heading\" data-id=\"27dba14\" data-element_type=\"widget\" data-e-type=\"widget\" data-widget_type=\"heading.default\">\n\t\t\t\t\t<span class=\"elementor-heading-title elementor-size-default\">\ud83d\ude90 ACHTUNG: Die Stellpl\u00e4tze sind nicht f\u00fcr Wohnmobile \u00fcber 7.50m geeignet.<\/span>\t\t\t\t<\/div>\n\t\t\t\t<\/div>\n\t\t<div class=\"elementor-element elementor-element-368cc30 e-con-full e-flex e-con e-child\" data-id=\"368cc30\" data-element_type=\"container\" data-e-type=\"container\">\n\t\t\t\t<div class=\"elementor-element elementor-element-4412c8c elementor-widget elementor-widget-text-editor\" data-id=\"4412c8c\" data-element_type=\"widget\" data-e-type=\"widget\" data-widget_type=\"text-editor.default\">\n\t\t\t\t\t\t\t\t\t<h2 data-source-line=\"18-18\">Unsere Campingpl\u00e4tze<\/h2><p data-source-line=\"18-18\">Alle Stellpl\u00e4tze befinden sich auf der Strandseite. Jeder Stellplatz hat eine <strong>Fl\u00e4che von ca. 90 m\u00b2<\/strong> und ist durch <strong>gr\u00fcne Hecken<\/strong> abgegrenzt. So k\u00f6nnen Sie Ihr Auto, Ihren Wohnwagen und ein gro\u00dfes Zelt unterbringen, ohne sich eingeengt zu f\u00fchlen und Ihre Privatsph\u00e4re zu wahren.  <\/p><p data-source-line=\"20-20\">Diese Hecken schaffen die Atmosph\u00e4re eines baumbestandenen Campingplatzes und spenden an sonnigen Tagen nat\u00fcrlichen Schatten, was im Sommer ein wertvolles Gut ist.<\/p><p data-source-line=\"22-22\">Alle unsere Stellpl\u00e4tze sind mit einem <strong>10A Stromanschluss<\/strong> ausgestattet.  <\/p><p data-source-line=\"22-22\">Die <strong>warmen Duschen<\/strong> sind frei zug\u00e4nglich, ohne M\u00fcnzen oder restriktive \u00d6ffnungszeiten. Die Sanit\u00e4ranlagen werden regelm\u00e4\u00dfig gewartet und verf\u00fcgen \u00fcber eine <strong>chemische Toilette<\/strong> f\u00fcr Wohnmobilisten. <\/p><p data-source-line=\"34-34\">Wenn Sie sich f\u00fcr einen Stellplatz in Les Saules entscheiden, k\u00f6nnen Sie die gesamte <strong>Infrastruktur des Campingplatzes<\/strong> nutzen: beheizter Wasserpark mit Rutsche und Balneotherapie, Snackbar, Lebensmittelgesch\u00e4ft, Spiele im Freien&#8230; Sie haben die Freiheit eines Stellplatzes und profitieren von den Dienstleistungen eines Familiencampingplatzes. <\/p><p data-source-line=\"47-47\">Ihr Stellplatz erwartet Sie mit viel Platz, damit Sie Ihren Urlaub in Ihrem eigenen Rhythmus erleben k\u00f6nnen. Unser Team freut sich, Sie in Les Saules begr\u00fc\u00dfen zu d\u00fcrfen! <\/p><h2 data-source-line=\"36-36\">Online-Buchungsmodalit\u00e4ten<\/h2><p data-source-line=\"38-38\">Die Mindestaufenthaltsdauer variiert je nach Zeitraum:<\/p><ul data-source-line=\"40-42\"><li data-source-line=\"40-40\"><strong>Nebensaison<\/strong> (13\/05 bis 05\/07 und 24\/08 bis 20\/09\/2026): <strong>mindestens 3 N\u00e4chte<\/strong><\/li><li data-source-line=\"41-42\"><strong>Hochsaison<\/strong> (06\/07 bis 23\/08\/2026): <strong>mindestens 7 N\u00e4chte<\/strong><\/li><\/ul><p>Ankunft 14.00 Uhr - <span style=\"letter-spacing: 0.4px; color: var( --e-global-color-text ); font-family: var( --e-global-typography-text-font-family ), Sans-serif; font-size: var( --e-global-typography-text-font-size ); font-style: var( --e-global-typography-text-font-style ); font-weight: var( --e-global-typography-text-font-weight ); text-transform: var( --e-global-typography-text-text-transform );\">Abreise 12.00 Uhr<\/span><\/p>\t\t\t\t\t\t\t\t<\/div>\n\t\t\t\t<div class=\"elementor-element elementor-element-a299c53 elementor-widget elementor-widget-heading\" data-id=\"a299c53\" data-element_type=\"widget\" data-e-type=\"widget\" data-widget_type=\"heading.default\">\n\t\t\t\t\t<span class=\"elementor-heading-title elementor-size-default\">\u26fa\ufe0f Wenn Sie f\u00fcr einen k\u00fcrzeren Zeitraum buchen m\u00f6chten, rufen Sie uns bitte an, um die Verf\u00fcgbarkeit zu erfragen: 02 98 56 98 57<\/span>\t\t\t\t<\/div>\n\t\t\t\t<div class=\"elementor-element elementor-element-353ddc4 elementor-widget elementor-widget-html\" data-id=\"353ddc4\" data-element_type=\"widget\" data-e-type=\"widget\" data-widget_type=\"html.default\">\n\t\t\t\t\t<script>(function(t,h,e,l,i,s,R,E,S,A){\n        t[i]={},t[i][s]=t[i][s]||function(){\n            if(1===arguments.length){return t[i].a[arguments[0]]||null}\n            else{t[i].a=t[i].a||[]; t[i].a[arguments[0]] = arguments[1];}\n        },\n            R=h.createElement(e),E=h.getElementsByTagName(e)[0];\n        R.async=1;R.src=l;E.parentNode.insertBefore(R,E)\n    })(window,document,\"script\",\"https:\/\/thelisresa.webcamp.fr\/ilib\/v4\/?categories&favorites&searchengine\",\"thelisresa\",\"ilib\");\n    thelisresa.ilib('camping', 'saules29');\n    thelisresa.ilib('language', 'fr');\n<\/script>\t\t\t\t<\/div>\n\t\t\t\t<\/div>\n\t\t\t\t\t<\/div>\n\t\t\t\t<\/div>\n\t\t\t\t<\/div>\n\t\t","protected":false},"excerpt":{"rendered":"<p>VOM 13. Mai bis 20. September 2026 Campingpl\u00e4tze Den Plan des Campingplatzes anzeigen Sehen Sie alle unsere Unterk\u00fcnfte \ud83d\ude90 ACHTUNG: Die Stellpl\u00e4tze sind nicht f\u00fcr Wohnmobile \u00fcber 7.50m geeignet. Unsere Campingpl\u00e4tze Alle Stellpl\u00e4tze befinden sich auf der Strandseite. Jeder Stellplatz hat eine Fl\u00e4che von ca. 90 m\u00b2 und ist durch gr\u00fcne Hecken abgegrenzt. So k\u00f6nnen [&hellip;]<\/p>\n","protected":false},"author":1,"featured_media":0,"parent":0,"menu_order":0,"comment_status":"closed","ping_status":"closed","template":"","meta":{"slim_seo":{"title":"Stellplatz Camping Fouesnant 90m\u00b2 | Zelt, Caravan, CC","description":"Mieten Sie einen 90m\u00b2 gro\u00dfen, von Hecken abgegrenzten Stellplatz: 10A Strom, kostenlose warme Duschen, Zugang zum Schwimmbad und Strand. Auf der Meerseite. Ab 112\u20ac\/Woche. Reservieren Sie 13\/05-20\/09."},"footnotes":""},"class_list":["post-12829","page","type-page","status-publish","hentry"],"_links":{"self":[{"href":"https:\/\/www.camping-les-saules.com\/de\/wp-json\/wp\/v2\/pages\/12829","targetHints":{"allow":["GET"]}}],"collection":[{"href":"https:\/\/www.camping-les-saules.com\/de\/wp-json\/wp\/v2\/pages"}],"about":[{"href":"https:\/\/www.camping-les-saules.com\/de\/wp-json\/wp\/v2\/types\/page"}],"author":[{"embeddable":true,"href":"https:\/\/www.camping-les-saules.com\/de\/wp-json\/wp\/v2\/users\/1"}],"replies":[{"embeddable":true,"href":"https:\/\/www.camping-les-saules.com\/de\/wp-json\/wp\/v2\/comments?post=12829"}],"version-history":[{"count":0,"href":"https:\/\/www.camping-les-saules.com\/de\/wp-json\/wp\/v2\/pages\/12829\/revisions"}],"wp:attachment":[{"href":"https:\/\/www.camping-les-saules.com\/de\/wp-json\/wp\/v2\/media?parent=12829"}],"curies":[{"name":"wp","href":"https:\/\/api.w.org\/{rel}","templated":true}]}}

Stellplätze Fouesnant

<div data-elementor-type="wp-post" data-elementor-id="12829" class="elementor elementor-12829 elementor-14" data-elementor-post-type="page">
				<div class="elementor-element elementor-element-e0874a1 e-flex e-con-boxed e-con e-parent" data-id="e0874a1" data-element_type="container" data-e-type="container" data-settings="{&quot;background_background&quot;:&quot;classic&quot;}">
					<div class="e-con-inner">
		<div class="elementor-element elementor-element-9046a90 e-con-full e-flex e-con e-child" data-id="9046a90" data-element_type="container" data-e-type="container">
				<div class="elementor-element elementor-element-ee5f6d3 elementor-widget elementor-widget-heading" data-id="ee5f6d3" data-element_type="widget" data-e-type="widget" data-widget_type="heading.default">
					<span class="elementor-heading-title elementor-size-default">VOM 13. Mai bis 20. September 2026</span>				</div>
				<div class="elementor-element elementor-element-02dfeef elementor-widget elementor-widget-heading" data-id="02dfeef" data-element_type="widget" data-e-type="widget" data-widget_type="heading.default">
					<h1 class="elementor-heading-title elementor-size-default">Campingplätze</h1>				</div>
		<div class="elementor-element elementor-element-2c2b3f8 e-con-full e-flex e-con e-child" data-id="2c2b3f8" data-element_type="container" data-e-type="container">
				<div class="elementor-element elementor-element-3b4796b elementor-widget elementor-widget-button" data-id="3b4796b" data-element_type="widget" data-e-type="widget" data-widget_type="button.default">
										<a class="elementor-button elementor-button-link elementor-size-sm" href="#elementor-action%3Aaction%3Dpopup%3Aopen%26settings%3DeyJpZCI6MTkxNTIsInRvZ2dsZSI6ZmFsc2V9">
						<span class="elementor-button-content-wrapper">
									<span class="elementor-button-text">Den Plan des Campingplatzes anzeigen</span>
					</span>
					</a>
								</div>
				<div class="elementor-element elementor-element-672ee08 elementor-align-left elementor-widget elementor-widget-button" data-id="672ee08" data-element_type="widget" data-e-type="widget" data-widget_type="button.default">
										<a class="elementor-button elementor-button-link elementor-size-sm" href="https://www.camping-les-saules.com/de/unterkuenfte/">
						<span class="elementor-button-content-wrapper">
									<span class="elementor-button-text">Sehen Sie alle unsere Unterkünfte</span>
					</span>
					</a>
								</div>
				</div>
				</div>
					</div>
				</div>
		<div class="elementor-element elementor-element-43d7f33 e-flex e-con-boxed e-con e-parent" data-id="43d7f33" data-element_type="container" data-e-type="container">
					<div class="e-con-inner">
		<div class="elementor-element elementor-element-3cb48d8 e-con-full e-flex e-con e-child" data-id="3cb48d8" data-element_type="container" data-e-type="container">
				<div class="elementor-element elementor-element-44d476b elementor-widget elementor-widget-html" data-id="44d476b" data-element_type="widget" data-e-type="widget" data-widget_type="html.default">
					<thr-categories type="camping"></thr-categories>				</div>
				<div class="elementor-element elementor-element-27dba14 elementor-widget elementor-widget-heading" data-id="27dba14" data-element_type="widget" data-e-type="widget" data-widget_type="heading.default">
					<span class="elementor-heading-title elementor-size-default">🚐 ACHTUNG: Die Stellplätze sind nicht für Wohnmobile über 7.50m geeignet.</span>				</div>
				</div>
		<div class="elementor-element elementor-element-368cc30 e-con-full e-flex e-con e-child" data-id="368cc30" data-element_type="container" data-e-type="container">
				<div class="elementor-element elementor-element-4412c8c elementor-widget elementor-widget-text-editor" data-id="4412c8c" data-element_type="widget" data-e-type="widget" data-widget_type="text-editor.default">
									<h2 data-source-line="18-18">Unsere Campingplätze</h2><p data-source-line="18-18">Alle Stellplätze befinden sich auf der Strandseite. Jeder Stellplatz hat eine <strong>Fläche von ca. 90 m²</strong> und ist durch <strong>grüne Hecken</strong> abgegrenzt. So können Sie Ihr Auto, Ihren Wohnwagen und ein großes Zelt unterbringen, ohne sich eingeengt zu fühlen und Ihre Privatsphäre zu wahren.  </p><p data-source-line="20-20">Diese Hecken schaffen die Atmosphäre eines baumbestandenen Campingplatzes und spenden an sonnigen Tagen natürlichen Schatten, was im Sommer ein wertvolles Gut ist.</p><p data-source-line="22-22">Alle unsere Stellplätze sind mit einem <strong>10A Stromanschluss</strong> ausgestattet.  </p><p data-source-line="22-22">Die <strong>warmen Duschen</strong> sind frei zugänglich, ohne Münzen oder restriktive Öffnungszeiten. Die Sanitäranlagen werden regelmäßig gewartet und verfügen über eine <strong>chemische Toilette</strong> für Wohnmobilisten. </p><p data-source-line="34-34">Wenn Sie sich für einen Stellplatz in Les Saules entscheiden, können Sie die gesamte <strong>Infrastruktur des Campingplatzes</strong> nutzen: beheizter Wasserpark mit Rutsche und Balneotherapie, Snackbar, Lebensmittelgeschäft, Spiele im Freien&#8230; Sie haben die Freiheit eines Stellplatzes und profitieren von den Dienstleistungen eines Familiencampingplatzes. </p><p data-source-line="47-47">Ihr Stellplatz erwartet Sie mit viel Platz, damit Sie Ihren Urlaub in Ihrem eigenen Rhythmus erleben können. Unser Team freut sich, Sie in Les Saules begrüßen zu dürfen! </p><h2 data-source-line="36-36">Online-Buchungsmodalitäten</h2><p data-source-line="38-38">Die Mindestaufenthaltsdauer variiert je nach Zeitraum:</p><ul data-source-line="40-42"><li data-source-line="40-40"><strong>Nebensaison</strong> (13/05 bis 05/07 und 24/08 bis 20/09/2026): <strong>mindestens 3 Nächte</strong></li><li data-source-line="41-42"><strong>Hochsaison</strong> (06/07 bis 23/08/2026): <strong>mindestens 7 Nächte</strong></li></ul><p>Ankunft 14.00 Uhr - <span style="letter-spacing: 0.4px; color: var( --e-global-color-text ); font-family: var( --e-global-typography-text-font-family ), Sans-serif; font-size: var( --e-global-typography-text-font-size ); font-style: var( --e-global-typography-text-font-style ); font-weight: var( --e-global-typography-text-font-weight ); text-transform: var( --e-global-typography-text-text-transform );">Abreise 12.00 Uhr</span></p>								</div>
				<div class="elementor-element elementor-element-a299c53 elementor-widget elementor-widget-heading" data-id="a299c53" data-element_type="widget" data-e-type="widget" data-widget_type="heading.default">
					<span class="elementor-heading-title elementor-size-default">⛺️ Wenn Sie für einen kürzeren Zeitraum buchen möchten, rufen Sie uns bitte an, um die Verfügbarkeit zu erfragen: 02 98 56 98 57</span>				</div>
				<div class="elementor-element elementor-element-353ddc4 elementor-widget elementor-widget-html" data-id="353ddc4" data-element_type="widget" data-e-type="widget" data-widget_type="html.default">
					<script>(function(t,h,e,l,i,s,R,E,S,A){
        t[i]={},t[i][s]=t[i][s]||function(){
            if(1===arguments.length){return t[i].a[arguments[0]]||null}
            else{t[i].a=t[i].a||[]; t[i].a[arguments[0]] = arguments[1];}
        },
            R=h.createElement(e),E=h.getElementsByTagName(e)[0];
        R.async=1;R.src=l;E.parentNode.insertBefore(R,E)
    })(window,document,"script","https://thelisresa.webcamp.fr/ilib/v4/?categories&favorites&searchengine","thelisresa","ilib");
    thelisresa.ilib('camping', 'saules29');
    thelisresa.ilib('language', 'fr');
</script>				</div>
				</div>
					</div>
				</div>
				</div>

<p>VOM 13. Mai bis 20. September 2026 Campingplätze Den Plan des Campingplatzes anzeigen Sehen Sie alle unsere Unterkünfte 🚐 ACHTUNG: Die Stellplätze sind nicht für Wohnmobile über 7.50m geeignet. Unsere Campingplätze Alle Stellplätze befinden sich auf der Strandseite. Jeder Stellplatz hat eine Fläche von ca. 90 m² und ist durch grüne Hecken abgegrenzt. So können [&hellip;]</p>

Mieten Sie einen 90m² großen, von Hecken abgegrenzten Stellplatz: 10A Strom, kostenlose warme Duschen, Zugang zum Schwimmbad und Strand. Auf der Meerseite. Ab 112€/Woche. Reservieren Sie 13/05-20/09.
